 i = 3*y - g. What is the highest common factor of y and 3?
1
Let d(l) = -l**3 - 10*l**2 + 11*l + 12. Let z be d(-11). Calculate the greatest common divisor of 24 and z.
12
Let m be 4/18 + 430/9. Calculate the greatest common divisor of 32 and m.
16
Let l be 0 - ((-6)/8 + 218/(-8)). Calculate the highest common factor of 4 and l.
4
Suppose -5*u = -43 - 22. Let m = -4 + 30. Calculate the greatest common factor of u and m.
13
Let q be (11/(-4))/((-1)/4). Let b = 46 - 20. Suppose -b = 3*s - 92. Calculate the greatest common factor of q and s.
11
Let i(f) = 3*f + 1 + 1 + 2 - f**2. Let r(o) = 2*o - 5. Let n be r(4). Let y be i(n). Calculate the highest common divisor of 8 and y.
4
Suppose -5*b - 4*a + 263 = 0, 0 = 3*a - 6*a - 9. Suppose 0*t = 3*t - 15, 5*t = -3*z + b. What is the highest common factor of 2 and z?
2
Suppose 6*x - 38 = -2*d + x, -d + 12 = -x. Calculate the greatest common divisor of 7 and d.
7
Let k be (-3)/9 + (-181)/(-3). Let i = 118 - k. Suppose -3*f + 27 = -f + p, 2*p = 3*f - i. What is the greatest common factor of 80 and f?
16
Let x(n) = 10*n - 23. Let v be x(5). Calculate the greatest common divisor of v and 27.
27
Suppose -93 = -3*a + 4*n - n, 5*a - 3*n = 147. Let t be (18/(-27))/((-2)/a). Let q be 2/((-55)/(-27) + -2). Calculate the highest common divisor of t and q.
9
Suppose 0 = -3*y - 10 + 40. Let u be 1 - -2 - 0/3. Let i be (2/3)/(1/u). What is the highest common factor of i and y?
2
Suppose 0*d = 3*d + 81. Let g = d - -50. Calculate the highest common divisor of g and 23.
23
Suppose x - r - 18 = 2*r, 2 = -x - r. Let d(s) = -s - 2*s**2 - 2*s**x - s + 3 + 3*s. Let a be d(-3). Calculate the highest common divisor of 4 and a.
4
Let p(n) = 0*n**2 + 3*n + 3*n + n**2 + 0*n - 9. Let y be p(-9). Calculate the highest common divisor of y and 72.
18
Suppose -3*n + 58 = 3*b - b, 3*b + 5*n - 86 = 0. Suppose 2*l - b = 8. Calculate the greatest common factor of l and 10.
10
Let j be ((-322)/(-115))/(2/10). What is the highest common divisor of j and 56?
14
Suppose 4*p + 0*p - 292 = 0. Suppose -5*u + p = -2. Calculate the highest common factor of u and 60.
15
Let t(u) = -8*u**3 - 2*u**2 - u. Let v be t(-1). Suppose -4*m = v - 39. Calculate the highest common factor of 12 and m.
4
Suppose -v - 3*v - 16 = 0. Let j be 18/(-4)*(0 + v). Calculate the greatest common factor of j and 6.
6
Let r(s) = s - 7. Let q be r(7). Let n be 3/6*q + -3. Let f be n/(-12) - (-1054)/8. What is the greatest common factor of 12 and f?
12
Let h(g) = g**2 - 6*g - 5. Let m be h(-5). Suppose 2*f - 2*j - m = -3*f, 2*f - 2*j = 14. What is the highest common factor of 84 and f?
12
Let w = -14 + 20. Calculate the greatest common divisor of 2 and w.
2
Suppose -3*q = -5*q + 6. Suppose q*s - 12 = -s. Suppose -s*f = -8*f + 10. What is the greatest common factor of 1 and f?
1
Suppose 2*w = 6*w - 8. Suppose -3*h + 0*n + 49 = w*n, h - 2*n - 19 = 0. Let y = 106 + -72. What is the greatest common divisor of y and h?
17
Suppose -4*v + 630 = 5*z, -3*z + 7*v + 378 = 2*v. What is the greatest common divisor of 21 and z?
21
Suppose 4*o + 62 = 166. Calculate the greatest common divisor of o and 182.
26
Let v = 0 - -3. Suppose 0 = -u + 3*u - v*j + 5, -35 = -4*u - 3*j. Suppose -u*d - 9 = -79. Calculate the greatest common divisor of d and 126.
14
Let b be 1/1*(2 + -8). Let u(y) = -y**2 - 12*y - 4. Let f be u(b). Calculate the greatest common divisor of f and 8.
8
Let t = 27 + 29. Suppose 0*z = -3*z - 9. Let l be (-1)/z + (-20)/(-3). Calculate the greatest common divisor of t and l.
7
Suppose 2*g = 148 - 4. Suppose 4*d - 61 = 3*i, 3*d + 0*i + 3*i = g. Calculate the highest common divisor of d and 152.
19
Suppose l - 2*l + 385 = 0. Suppose -3*k - 2*k = -l. Calculate the greatest common divisor of 11 and k.
11
Let q = 4 + -5. Let s(k) = k**2 - 2. Let h(a) = a**2 + a. Let d(w) = q*s(w) + 2*h(w). Let o be d(-3). Calculate the highest common factor of 30 and o.
5
Suppose h - 2*g - 12 = g, -h - g = 0. Suppose 0 = -n + h*n - 48. What is the highest common factor of 264 and n?
24
Suppose -86 = -3*i - 7*n + 2*n, -5*i = -3*n - 166. What is the greatest common divisor of 16 and i?
16
Let s(u) be the first derivative of 2*u**3/3 - 9*u**2/2 + 5*u - 1. Let p be s(7). Let t = 7 + 9. What is the highest common factor of p and t?
8
Let v = -184 + 294. Let a be (0 + -1 - -13) + 1 + -3. What is the greatest common divisor of a and v?
10
Let h be (-63)/84*1*-4. What is the greatest common divisor of h and 33?
3
Let q be (0 - (-8 + 0)) + 0. What is the greatest common divisor of q and 4?
4
Suppose -q + 13 = -b, 3*b = 2*q + 2*b - 28. Let i(v) = 23*v + 5. Let z be i(5). What is the highest common divisor of q and z?
15
Let a be (-2)/(-10) + (-38)/(-10). Let d be a/6 + (-489)/(-9). Suppose -2*l + d = 3*l. What is the greatest common factor of l and 11?
11
Suppose -86 = -2*o + 3*s, -3*o - 3*s + 112 = s. What is the highest common divisor of o and 60?
20
Let n be (-69 - -3)/((-9)/6). What is the greatest common factor of n and 11?
11
Suppose -s - 5*f + 28 = 0, 9 + 16 = 5*f. Suppose -2*p - p = 9, 5 = -h - s*p. What is the highest common divisor of 36 and h?
4
Let j be (-4)/12 - (-1040)/24. What is the greatest common divisor of 129 and j?
43
Let s(g) = 2*g**2 + 17*g + 1. Let q be s(-9). What is the highest common factor of q and 40?
10
Suppose -2*l + 10 = 3*w, -l + 10 = l - 2*w. Suppose -l*n + 30 + 5 = 0. What is the greatest common divisor of n and 14?
7
Suppose -5*t + 39 + 321 = 0. Calculate the greatest common divisor of 8 and t.
8
Suppose 568 = 4*x + 8. Let u be 49 + 1/(-2)*-4. Suppose -p = -5*d, 2*p - d = u - 15. What is the greatest common divisor of p and x?
20
Let g(p) = 5*p**2 + 4*p + 1. Let w be g(-3). What is the highest common factor of w and 51?
17
Suppose -6*b = -5*b - 18. Let y = 10 + 2. What is the greatest common factor of y and b?
6
Suppose v - 17 = -4*l, 3*v + 4*l = 6*v - 3. Let z = v + -3. Suppose -40 = -z*b - 6. What is the highest common divisor of b and 187?
17
Let w be 11*(1 - (0 + 0)). Let p be 264/3 + 2 + 1 + -3. Calculate the highest common divisor of p and w.
11
Let j(z) = 14*z**2 + 2*z - 2. Let a be j(-2). Suppose 4*h + 2*b - 78 = 0, -h - b = -3*h + 41. Calculate the highest common divisor of a and h.
10
Suppose 0*y - 11 = -u - 5*y, -3*u = -y - 1. Let o be 4/(-6) + (-32)/(-12). Calculate the greatest common divisor of o and u.
1
Suppose -17 - 7 = -4*k. What is the highest common divisor of k and 15?
3
Let u(n) = n + 18. Let y be u(-9). Suppose 3*x + 4*k - 285 = 0, 0*k - 300 = -3*x + k. What is the highest common divisor of y and x?
9
Let b(o) = 3*o**3 - 4*o**2 - 3*o + 1. Let u be b(4). Let d(x) = x**2 - 13*x - 1. Let v be d(14). What is the greatest common factor of u and v?
13
Let x = 17 - 7. Calculate the greatest common factor of 25 and x.
5
Let l = -157 - -166. Calculate the highest common factor of l and 315.
9
Let p = -39 - -46. Suppose -26 = -5*x + 9. Calculate the greatest common factor of x and p.
7
Suppose -5*m + 15 = 0, 2*n + 3*m - 57 = -n. Calculate the highest common factor of 16 and n.
16
Let n(g) = -g**2 - 2*g + 7. Let c be n(-5). Let k = c + 10. Suppose 0 = k*l + 3*s - 8, 2*s + 36 = 4*l + 4. What is the highest common divisor of 7 and l?
7
Suppose -13 - 9 = -g. Let l be 2/(-7) - 1392/(-21). Calculate the greatest common factor of l and g.
22
Suppose -190 = 4*y - 4*j - 766, -5*y + 3*j = -720. Calculate the greatest common factor of y and 18.
18
Suppose 2*p = -4*l + 9 + 7, -5*l + 29 = 4*p. Calculate the highest common factor of 54 and p.
6
Let t = 54 - -34. Suppose 7*v + 55 = 12*v. What is the highest common divisor of v and t?
11
Let d(q) = 46 - 40 + 57 - q**2 - q. Let s be d(0). Suppose 2*v = 7*v + 3*x - 69, -x = 5*v - s. Calculate the highest common divisor of 18 and v.
6
Let b be (1 - -32) + (0 - (-2 - 1)). What is the highest common divisor of b and 48?
12
Suppose 4*t = b - 0*b + 27, -3*t - 2*b + 12 = 0. Let y be (-7)/(-3) + 1/(-3). Let q be y + 11/(-2)*-4. Calculate the highest common divisor of q and t.
6
Let o be ((-42)/4)/(2/(-4)). Suppose -5*v + 2*s = -264 - o, -85 = -2*v - 5*s. Suppose k = 4 + 1. Calculate the highest common divisor of v and k.
5
Let t be 5/((26/12)/13). Calculate the highest common divisor of 50 and t.
10
Let c be -3 - (-3 + 1) - -7. S